st common divisor of v and w?
16
Let s(c) = -2429*c - 241. Let d be s(-5). Calculate the highest common divisor of d and 93.
93
Let o = 2275 + -2194. Calculate the highest common factor of 1791 and o.
9
Let w = -4 - 2. Let a(k) = -k + 8. Let o be a(w). Let u be (28*16/(-80))/((-4)/5). What is the greatest common factor of u and o?
7
Let a be 338/4 - (-25)/(-50). Suppose -23*t = -9*t - a. Let u(o) = -9*o - 27. Let j be u(-5). Calculate the highest common factor of t and j.
6
Let j(k) = k**2 + 9*k + 5. Let d(l) = 1. Let a(x) = 5*d(x) + j(x). Let t = 17 + -28. Let h be a(t). What is the greatest common factor of 8 and h?
8
Suppose -23553 = -94*n + 6057. Calculate the highest common factor of n and 2055.
15
Let a(x) = -3*x**2 - x - 2 + 3 - x**3 + 0*x**3. Let q be a(-3). Suppose -b = -2*b + 8, -4*m - 2*b = -72. Calculate the highest common factor of q and m.
2
Suppose 0 = 6*a - 224 - 286. Let m = 86 - a. Suppose -3*y - 5*o + 97 = 0, 104 + m = 5*y - 3*o. What is the highest common factor of y and 120?
24
Let s(v) = -12*v**2 - 105*v - 14. Let l be s(-4). Suppose 0 = -4*a + a. Let r be a + l + (-6)/(-3). What is the highest common factor of 24 and r?
24
Suppose 264 = 4*h + l - 361, 305 = 2*h - l. Suppose c - h = -23. Let u be (-8364)/(-748) - 6/33. Calculate the greatest common divisor of c and u.
11
Let x be (-4)/(-24)*41039 + 13/78. Calculate the highest common factor of x and 76.
76
Let n be (0 - 4)/1*(-56)/16. Calculate the greatest common divisor of n and 1057.
7
Let o = 95 - 115. Let m = o - -8. Let t(f) = -f**2 - 17*f - 41. Let k be t(m). Calculate the highest common divisor of k and 152.
19
Let v = -67 - -73. Suppose -4*m + 54 = 3*a, 4*m - v - 6 = 0. Let p = 86 - 16. Calculate the greatest common factor of p and a.
14
Let i = 1242 + -1145. Calculate the highest common factor of 1 and i.
1
Suppose 0 = 5*n - 1 + 16. Let j = -1 - n. Suppose -j*k - 167 + 477 = 0. Calculate the highest common divisor of k and 31.
31
Let k be 3/2 + (31 - 33) + 2123/22. What is the highest common factor of k and 4080?
48
Suppose 220 - 161 = 59*s. What is the greatest common divisor of s and 31?
1
Let i(t) = -t**2 + 7*t + 114. Let m be i(0). What is the highest common factor of 304 and m?
38
Let t = 113 - 68. Let r(s) = 353*s - 8798. Let y be r(25). Calculate the greatest common factor of t and y.
9
Suppose -543*a + 54604 + 49109 = 0. What is the greatest common factor of a and 53671?
191
Suppose 8*h - 323 - 277 = 0. Let t(u) = 13*u**2 + 170*u + 28. Let d be t(-13). Calculate the greatest common divisor of d and h.
15
Suppose 30*t + 11896 - 63384 = 17632. What is the greatest common divisor of t and 9?
9
Suppose -2*c - 706 = -2*u, 22*u - 20*u - 703 = -c. Calculate the highest common factor of 288 and u.
32
Let z(v) = -14*v - 171. Let b be z(-14). Suppose -233 = -3*l + 142. Calculate the highest common factor of l and b.
25
Let q = -93 + 100. Let s(f) = -f**3 + 8*f**2 - 7*f + 6. Let u be s(q). Let l = 3 - -9. What is the greatest common factor of u and l?
6
Suppose 2*y - 8800 = -198*y. Calculate the greatest common factor of y and 8668.
44
Suppose 0 = 18*c - 1037 - 730 + 417. Let t be ((-1)/(-2))/(2/420). What is the highest common factor of c and t?
15
Suppose -i + 5*v + 8 + 322 = 0, 3*i - v - 1046 = 0. Suppose -4*g - 30 = i. Let k = g + 235. What is the greatest common factor of 20 and k?
20
Let w = 148 - 113. Suppose 4*h - 110 = -0*m - m, -5*h - 398 = -4*m. Suppose 105*f = m*f + 63. Calculate the highest common factor of w and f.
7
Suppose 252 = 6*v - 3*v. Suppose -88 = 14*y - 16*y. Suppose 4 + y = 4*u. What is the highest common factor of u and v?
12
Let p = 1224 + -1124. Let m(v) = v**3 - 2*v**2 - 3*v - 1. Let x be m(6). What is the highest common divisor of p and x?
25
Suppose 2*n + 2*n = 1684. Suppose f + 22 - n = v, 5*v = -3*f + 1221. Calculate the greatest common divisor of f and 67.
67
Let g be 3 + 11/((-187)/(-44217)). What is the highest common divisor of 84 and g?
84
Suppose 28 - 130 = -u. Suppose -2*f - u = -8*f. Let i be ((-4)/6)/(3/(-765)). What is the highest common factor of i and f?
17
Let k(r) = r**3 - r**2 - 6*r + 7. Let o be k(3). Let c be o - (-5 - -5) - (-1 - -3). What is the greatest common factor of 505 and c?
5
Let o(w) = 4*w**2 + 143*w - 1583. Let f be o(9). What is the greatest common divisor of 46368 and f?
28
Suppose 4*u = 433 + 135. Let m = u + -79. Suppose -3*v + 3*b - b + m = 0, -2*v = -4*b - 50. Calculate the greatest common divisor of v and 19.
19
Let a(j) = -2*j**2 + 7*j + 15. Let z be a(5). Let c be (z - 52/(-9)) + 14/63. Calculate the highest common divisor of c and 14.
2
Let n = 10 + -16. Let q be 16*(3 - (-15)/n). Suppose -2*m = -3*r + 186, -71 + 126 = r - 3*m. Calculate the greatest common factor of q and r.
8
Suppose 0 = -8*h + 12*h - 2*q - 14, 5*q = 2*h + 13. Suppose h*j + 80 = 110. Calculate the greatest common divisor of 80 and j.
5
Let h = -214 + 214. Suppose -u + h*u = 4*i - 22, 4*u - 8 = 4*i. What is the highest common factor of 15 and u?
3
Let y = 5 - -3. Let a be (5 + -163)/(1 - 3). Suppose -2*p + 4*u = -140, -3*u = p - 8*u - a. Calculate the greatest common divisor of p and y.
8
Let d(t) = 2*t**3 - 79*t**2 + 37*t + 70. Let r be d(39). Let o be 6/(72/294) + (-12)/r. Calculate the greatest common divisor of o and 403.
13
Let z(q) = 1692*q + 10163. Let d be z(-6). Suppose 2*h - 6 = 2. Calculate the highest common factor of h and d.
1
Suppose -265*l + 623314 = -490315 + 264569. Calculate the greatest common factor of 108 and l.
36
Let o be 2/(-16) + 306/16 + -7. Let d = 140 + -28. Suppose -d + 414 = 5*s - 2*q, -5*q + 115 = 2*s. Calculate the greatest common divisor of s and o.
12
Let a = -204 - -214. Let d = 28 - 24. Suppose 4*m = 20, 2*s - d*s + 3*m = -265. Calculate the highest common divisor of a and s.
10
Suppose -62 = -5*f - 2*w, 8*w - 3*w + 55 = 5*f. Suppose 60 - f = h. What is the highest common divisor of 84 and h?
12
Let p = 40 + 44. Suppose -21*u = -84 - p. Calculate the highest common factor of u and 10.
2
Suppose -3*d + 21*w + 75 = 16*w, 4*d - 135 = -5*w. What is the greatest common factor of 1218 and d?
6
Suppose -2*v - 5*i - 16 = 0, -2*i - 29 = -4*v - 13. Suppose -2*l + v*f + 44 = 0, -12*l + 13*l - 5*f = 14. Calculate the highest common divisor of l and 8.
8
Suppose 14*g - 227 + 87 = 0. Calculate the highest common divisor of 940 and g.
10
Let b = 137 + -46. Suppose 2*q = 259 - b. Let o be 60 - (0 + 4 + 0). What is the greatest common factor of o and q?
28
Let k = 38 - 38. Suppose 2*i + 130 = 3*y - 5*y, 5*i + y + 305 = k. Let c = 109 + i. What is the highest common factor of 7 and c?
7
Suppose 1184 = 14*u - 1585 + 1005. Calculate the greatest common divisor of 8064 and u.
126
Let o = 4585 - 3225. Calculate the highest common divisor of 160 and o.
80
Let m = -25912 - -26296. Calculate the highest common factor of 174 and m.
6
Let g = 7663 + -6498. What is the greatest common divisor of 233 and g?
233
Let j be 2/(2 - 588/297). Suppose -641 = -38*b + 362 - 319. What is the greatest common divisor of b and j?
9
Let n be 29*((-1)/2 - 3/(-2)). Let w = -24 + n. Calculate the greatest common divisor of w and 50.
5
Suppose -8*o + 33 = -447. Calculate the greatest common factor of o and 2720.
20
Let s be 73 + 0 - (1 - -2). Let r be 443 + s/(-22) + 22/121. Suppose 2*u = -c + 54, -4*c + c + 137 = u. What is the greatest common divisor of c and r?
44
Let x(q) be the first derivative of -q**3/3 - 8*q**2 - 6*q - 6. Let i be x(-4). Calculate the greatest common divisor of 294 and i.
42
Let z(k) = k**3 + 75*k**2 - 144*k + 810. Let m be z(-77). Calculate the greatest common divisor of m and 7240.
40
Suppose 18 = -693*k + 696*k. Let i be -2 + k + (2 - -2 - -556). Calculate the highest common divisor of 47 and i.
47
Let s be ((-36)/(-3))/2*6/9. Suppose -20 = 4*t, s*t + 16 - 282 = -2*h. Calculate the highest common factor of 13 and h.
13
Let y(q) = q**3 + 20*q**2 - 27*q + 17. Let u = 143 + -123. Let a be (2/8 - u/(-16))*-14. Let r be y(a). Calculate the greatest common divisor of r and 13.
13
Let d be (((-261)/(-6))/(-3))/((-1)/(-52)). Let r be -3 - d*(1 - -1) - 5. Calculate the highest common divisor of 60 and r.
60
Suppose -4*p + y = -17, -23 = -p - 3*y - 9. Suppose 6*i = p*i + 1. Let k be (-3)/((((-28)/8)/7)/i). What is 